r of h and 40?
20
Let i be (((-10)/(-25))/((-3)/(-15)))/1. Suppose 46 = 4*r + 9*l - 12*l, i*r + 5*l = 10. What is the highest common factor of r and 50?
10
Let k = 25 - -18. Suppose 3*o - k = 8. Calculate the greatest common factor of 51 and o.
17
Let r(q) = 2*q**3 - 4*q**2 + 3*q - 6. Let z be r(4). Let a = -2231 - -2245. What is the greatest common divisor of a and z?
14
Let o(m) = -2*m**2 + 8*m - 7. Let b be o(5). Let u(z) = -17*z + 17. Let y be u(b). Suppose -5*w + y - 26 = 0. What is the greatest common divisor of w and 8?
8
Let o = -159 - -151. Let i(c) = 2*c**2 + 14*c - 11. Let g be i(o). Calculate the greatest common factor of g and 5.
5
Let i(z) = -3*z**2 + 7*z - 19. Let x be i(6). Let w = -71 + 41. Let t = w - x. Calculate the greatest common factor of t and 11.
11
Suppose -298 = -4*l - 50. Suppose 4*b = 3*v - l, -3*b - 2 = -2*b. Let z = 157 - 67. What is the greatest common factor of v and z?
18
Let i be (232/5)/((-8)/(-20)). Suppose -n + i = 3*z + 10, 46 = z - 5*n. What is the greatest common divisor of 4 and z?
4
Let n be (-1 - -2)/(((-2)/11)/(-2)). Suppose -2*h - 4 = -6*h. Suppose i - r - 24 = -h, i = -4*r + 18. Calculate the highest common factor of n and i.
11
Suppose -19*h - 1010 = -2929. Calculate the greatest common divisor of 505 and h.
101
Let r = -178 + 263. Suppose 4*a = 5*b + 30 + 23, -a + 3*b = -8. What is the greatest common divisor of a and r?
17
Let c = 65 - -100. Calculate the highest common factor of c and 11.
11
Suppose 3*v + 113 = 29. Let n be 2/(-8) - 119/v. Suppose 0 = -n*h - 3*c + 7, -3*h - 2 + 26 = -4*c. What is the highest common factor of h and 6?
2
Let x be 50/(-15) - (-4)/(-6). Let t(v) = v + 11. Let h be t(x). Suppose 2*i = h*i - 2*o - 56, -2*o - 6 = 0. Calculate the highest common factor of i and 110.
10
Suppose -2*d - w = -114 + 73, 0 = -2*d - 4*w + 32. Suppose -2*y + 83 - 23 = 4*c, -2*y + 56 = 3*c. What is the highest common divisor of y and d?
22
Let z(m) be the first derivative of m**3/3 - 3*m**2 + 2*m + 8. Let w be z(-3). Calculate the greatest common divisor of 29 and w.
29
Let j = 17 - 12. Let o = 9 + -4. Suppose o*t = -g + 8, -j*t + 17 = -3*g + 7*g. What is the greatest common divisor of g and 30?
3
Let o(l) = l**2 - 5*l - 14. Let x be o(7). Suppose x = 2*h + 9 - 65. Calculate the highest common factor of h and 4.
4
Let b(x) = 4*x**2 + 17*x - 132. Let g be b(-21). What is the greatest common factor of 75 and g?
75
Let r = 272 - 226. What is the highest common factor of r and 46?
46
Suppose 27 = -11*q + 1842. What is the highest common factor of 33 and q?
33
Suppose 13*z = 37 + 2. Let u(a) = 3*a. Let w be u(z). What is the highest common factor of 171 and w?
9
Let q be ((-384)/(-120))/(-1 + 81/75). Calculate the greatest common divisor of 56 and q.
8
Suppose 0 = 5*g + 5*q + 12 - 102, -q - 52 = -4*g. Let j = 143 + -101. Calculate the highest common factor of g and j.
14
Let f be (-1)/1 + 2 + 51. Suppose -3*u - 5*p - 36 = 0, -4*p + 3*p - 82 = 5*u. Let l = 61 - u. Calculate the greatest common factor of f and l.
26
Suppose 2*a = -1 - 1. Let u be -1 + -1 - (a + -3). Suppose 0 = p + 3*f - 22, -u*p = -2*f - 44. What is the highest common divisor of p and 33?
11
Suppose 0 = -5*b + 26 + 49. Suppose 0 = -h + 4*h + 51. Let y = h - -22. Calculate the highest common divisor of b and y.
5
Let x(d) = -11*d + 30. Let r(g) = -3*g**2 - 7*g. Let y be r(-3). Let t be x(y). Let m = 11 + 5. What is the greatest common factor of m and t?
16
Let k be 28/10*(-20)/(-10 - -6). Let c(v) = 2*v**2 + 5*v + 4. Let p be c(-3). What is the greatest common factor of p and k?
7
Suppose r - 49 - 6 = 0. Let l = -189 + 211. Calculate the highest common factor of l and r.
11
Let t be (-7)/3 + 1736/24. What is the highest common divisor of 50 and t?
10
Let p(f) = -3 + 0 + 5 - 7 - 4*f. Let a be p(-5). Calculate the highest common factor of 60 and a.
15
Let n(z) = 5*z**2 + 11*z - 12. Let u be n(-8). What is the greatest common divisor of u and 100?
20
Let j be ((-21)/12)/(1 - (-195)/(-192)). Calculate the greatest common divisor of j and 42.
14
Let s be ((-12)/(-18))/(-3 - (-438)/144). What is the greatest common divisor of s and 2192?
16
Let o be (1/2)/((-2)/(-76)). Suppose 4*c + 18 + 14 = 0. Let b = c + o. Calculate the highest common factor of b and 1.
1
Suppose 3*s - 1736 = -28*s. Calculate the greatest common factor of 518 and s.
14
Suppose 4*t = 5*a + 1802, 2*t - 902 = -14*a + 17*a. What is the highest common divisor of t and 128?
64
Suppose -2*v = -v - 72. Suppose -2 = -2*g, 2*k = 5*g - g + 4. Suppose -k*f = -3*p + 44, 10*f = -5*p + 5*f + 15. Calculate the highest common divisor of p and v.
8
Let a be -1 + (-40)/(-1*4). Let l(f) = 5*f - 40. Let o be l(17). Calculate the greatest common divisor of o and a.
9
Let t(z) = z - 5*z - 34 + 3*z + 11*z. Let v be t(8). What is the greatest common factor of 23 and v?
23
Let f = -14 + 22. Calculate the greatest common divisor of 152 and f.
8
Let s(l) = -2*l**3 - l**2 + 7*l + 100. Let r be s(0). Calculate the greatest common divisor of r and 25.
25
Let s(o) = -o + 7. Let r be (-228)/8 - 6/(-4). Let w = r + 22. Let p be s(w). Calculate the highest common divisor of p and 12.
12
Let f = -641 + 661. Calculate the greatest common divisor of 640 and f.
20
Let v be 52 + -4 - (-9 + 11). Calculate the highest common factor of 1426 and v.
46
Suppose 0 = -5*c - 0 + 15. Suppose 2*b + i - 128 = 0, -34 = -c*b - 5*i + 144. Let k = 154 - b. Calculate the highest common divisor of k and 8.
8
Let x(c) = -6*c - c + 22 + 11*c - 6*c. Let j be x(-9). Suppose 5*h - 31 = 5*d + 24, 3*d - 15 = 0. What is the highest common factor of h and j?
8
Suppose 0 = -3*o + 5*s + 42, 4*o + 5*s = 43 + 13. Suppose -m - 2*m + 99 = 0. Let b = 89 - m. What is the greatest common divisor of b and o?
14
Let b = -351 - -399. What is the highest common divisor of 264 and b?
24
Suppose 2*v = -i + 30, -65*i + 5*v - 117 = -69*i. Let t(d) = d**3 - 7*d**2 + 10*d - 10. Let f be t(6). Calculate the greatest common factor of i and f.
14
Let a(z) = -2*z + 22. Let l be a(-10). Let m(t) = 5*t - 22. Let f be m(5). What is the greatest common factor of f and l?
3
Suppose -c + 4*y = -16, 4*c + 3*y = 51 - 6. Suppose -11*a = -562 + c. What is the highest common divisor of 5 and a?
5
Let j = 1763 + -350. Suppose 8*l = j + 2723. What is the greatest common divisor of l and 47?
47
Suppose 13 = 4*v - 3. Suppose -v*x = -66 - 34. Let z = -6 + 11. What is the greatest common divisor of x and z?
5
Let l(j) = -j + 13. Let d be l(11). Suppose -4*q + 16 = -4*r, d*r - 8 = -4*q + 4*r. Suppose q = -7*a + 6*a + 8. What is the greatest common factor of a and 4?
4
Let j be (-14)/(-21)*(4 + -1). Suppose -32 = -j*b + 14. Suppose 414 = -6*i + 8*i. What is the highest common divisor of i and b?
23
Let a = -388 + 391. Calculate the highest common divisor of a and 12.
3
Let n = 46 + -47. Let s be n/(284/96 - 3). Calculate the greatest common factor of 16 and s.
8
Suppose -905 - 778 = -2*t - 3*s, 3*t - 3*s - 2517 = 0. Suppose -10*p - 4*p = -t. What is the highest common factor of p and 40?
20
Let k(r) = 0 + 10*r - 11*r + 2*r**2 + 7. Let z be k(3). What is the highest common divisor of z and 110?
22
Suppose b = -0*b - 10. Let c be 118/(b/4 - -3). Suppose -3*w - 4*t = -c, 0*t = -2*t - 2. Calculate the highest common divisor of w and 16.
16
Suppose 5*c - 4*j - 27 = -0*j, 0 = 2*c + j - 3. Suppose -29 = c*z - 2. Let k(b) = -13*b + 13. Let u be k(z). What is the greatest common divisor of 26 and u?
26
Let w be (8 - -18) + -17 + 9. Calculate the highest common factor of 243 and w.
9
Let p(n) = n**2 - 10*n + 3. Let m be p(10). Suppose 2*t + m*t = -20. Let o be (-511)/t + (-2)/(-8). What is the highest common factor of 16 and o?
16
Let k = -270 + 670. Calculate the highest common factor of k and 30.
10
Let x be 78 + -2 + (-2)/(-1). Suppose -2*d = 3*d. Suppose d = 4*u - 84 - 124. Calculate the highest common divisor of x and u.
26
Suppose 2*v - 3 = 1. Suppose p = -v*c - p + 10, 2*p = 4*c - 44. What is the highest common factor of 6 and c?
3
Let v(n) = n**2 + 6*n + 5. Let o be v(-6). Let y(s) = -s + 11. Let q be y(o). Let l = -42 - -84. Calculate the highest common factor of q and l.
6
Let f = -2 - -5. Suppose f*j + 23 = 2*h - 13, -5*j + 18 = h. Suppose 19*c + 463 = 2857. Calculate t